{"id":172,"date":"2022-03-09T17:38:12","date_gmt":"2022-03-09T16:38:12","guid":{"rendered":"https:\/\/ecole.ac-nice.fr\/antibes\/semainedeslangues\/?page_id=172"},"modified":"2022-04-07T17:24:59","modified_gmt":"2022-04-07T15:24:59","slug":"anglais-cycle-3-day-4-april-8th","status":"publish","type":"page","link":"https:\/\/ecole.ac-nice.fr\/antibes\/semainedeslangues\/accueil\/anglais-cycle-3\/anglais-cycle-3-day-4-april-8th\/","title":{"rendered":"Anglais C3 Day4, April 8th"},"content":{"rendered":"<h2 style=\"text-align: center;\"><span style=\"color: #0000ff;\">Anglais Cycle 3<\/span><\/h2>\n<h2 style=\"text-align: center;\"><span style=\"color: #0000ff;\">Day 4, April 8th<\/span><\/h2>\n<p>&nbsp;<\/p>\n<p><span style=\"font-family: Times New Roman, serif;\"><span style=\"font-size: medium;\"><span style=\"font-family: Arial, serif;\"><span style=\"font-size: small;\"><span lang=\"en-US\">D\u00e9marche et entrainement identiques avec le jour 3 pour les 3 oeuvres propos\u00e9es ci-dessous<\/span><\/span><\/span><\/span><\/span><\/p>\n<table width=\"642\" cellspacing=\"0\" cellpadding=\"7\">\n<tbody>\n<tr valign=\"top\">\n<td width=\"326\">\n<p align=\"left\"><img loading=\"lazy\" decoding=\"async\" class=\"alignnone wp-image-181\" src=\"https:\/\/ecole.ac-nice.fr\/antibes\/semainedeslangues\/wp-content\/uploads\/sites\/32\/2022\/03\/picasso-guitariste-227x300.jpg\" alt=\"\" width=\"381\" height=\"504\" srcset=\"https:\/\/ecole.ac-nice.fr\/antibes\/semainedeslangues\/wp-content\/uploads\/sites\/32\/2022\/03\/picasso-guitariste-227x300.jpg 227w, https:\/\/ecole.ac-nice.fr\/antibes\/semainedeslangues\/wp-content\/uploads\/sites\/32\/2022\/03\/picasso-guitariste.jpg 269w\" sizes=\"auto, (max-width: 381px) 100vw, 381px\" \/><\/p>\n<p class=\"western\" lang=\"en-US\" align=\"left\"><span style=\"font-family: Arial, serif;\"><span style=\"font-size: small;\"><b>Picasso<\/b> <u>Le vieux guitariste aveugle<\/u> 1903<\/span><\/span><\/p>\n<\/td>\n<td width=\"288\">\n<p class=\"western\" align=\"left\"><img loading=\"lazy\" decoding=\"async\" class=\"alignnone wp-image-179\" src=\"https:\/\/ecole.ac-nice.fr\/antibes\/semainedeslangues\/wp-content\/uploads\/sites\/32\/2022\/03\/joconde-202x300.jpg\" alt=\"\" width=\"313\" height=\"465\" srcset=\"https:\/\/ecole.ac-nice.fr\/antibes\/semainedeslangues\/wp-content\/uploads\/sites\/32\/2022\/03\/joconde-202x300.jpg 202w, https:\/\/ecole.ac-nice.fr\/antibes\/semainedeslangues\/wp-content\/uploads\/sites\/32\/2022\/03\/joconde.jpg 260w\" sizes=\"auto, (max-width: 313px) 100vw, 313px\" \/><\/p>\n<p class=\"western\" align=\"left\"><span style=\"font-family: Arial, serif;\"><span style=\"font-size: small;\"><span lang=\"fr-FR\"><b>Leonardo Da Vinci,<\/b><\/span><\/span><\/span> <span style=\"font-family: Arial, serif;\"><span style=\"font-size: small;\"><span lang=\"fr-FR\"><u>Mona Lisa<\/u><\/span><\/span><\/span><span style=\"font-family: Arial, serif;\"><span style=\"font-size: small;\"><span lang=\"fr-FR\">, 1503<\/span><\/span><\/span><\/p>\n<\/td>\n<\/tr>\n<tr>\n<td colspan=\"2\" valign=\"top\" width=\"628\">\n<p align=\"left\"><img loading=\"lazy\" decoding=\"async\" class=\"alignnone wp-image-183\" src=\"https:\/\/ecole.ac-nice.fr\/antibes\/semainedeslangues\/wp-content\/uploads\/sites\/32\/2022\/03\/turner-lighthouse.jpg\" alt=\"\" width=\"611\" height=\"430\" \/><\/p>\n<p class=\"western\" align=\"left\"><span style=\"font-family: Arial, serif;\"><span style=\"color: #000000;\"><span style=\"font-size: small;\"><span lang=\"fr-FR\"><b>Turner<\/b><\/span><\/span><\/span><span style=\"color: #000000;\"><span style=\"font-size: small;\"><span lang=\"fr-FR\">, <\/span><\/span><\/span><span style=\"color: #000000;\"><span style=\"font-size: small;\"><span lang=\"fr-FR\"><u>Bell Rock lighthouse<\/u><\/span><\/span><\/span><span style=\"color: #000000;\"><span style=\"font-size: small;\"><span lang=\"fr-FR\">, 1824<\/span><\/span><\/span><\/span><\/p>\n<p align=\"left\">\n<\/td>\n<\/tr>\n<\/tbody>\n<\/table>\n<p><a name=\"_GoBack\"><\/a> <span style=\"font-family: Times New Roman, serif;\"><span style=\"font-size: medium;\"><span style=\"color: #4f81bd;\"><span style=\"font-family: Arial, serif;\"><span lang=\"en-US\"><b>Production finale<\/b><\/span><\/span><\/span><\/span><\/span><\/p>\n<p><span style=\"font-family: Times New Roman, serif;\"><span style=\"font-size: medium;\"><span style=\"font-family: Arial, serif;\"><span style=\"font-size: small;\"><span lang=\"en-US\">Parmi les deux oeuvres d\u2019art propos\u00e9es, en choisir une \u00e0 presenter pour le concours d\u00e9partemental<\/span><\/span><\/span><\/span><\/span><\/p>\n<table width=\"747\" cellspacing=\"0\" cellpadding=\"7\">\n<tbody>\n<tr valign=\"top\">\n<td width=\"298\">\n<p align=\"left\"><img loading=\"lazy\" decoding=\"async\" class=\"alignnone wp-image-182\" src=\"https:\/\/ecole.ac-nice.fr\/antibes\/semainedeslangues\/wp-content\/uploads\/sites\/32\/2022\/03\/klimt-197x300.jpg\" alt=\"\" width=\"310\" height=\"472\" srcset=\"https:\/\/ecole.ac-nice.fr\/antibes\/semainedeslangues\/wp-content\/uploads\/sites\/32\/2022\/03\/klimt-197x300.jpg 197w, https:\/\/ecole.ac-nice.fr\/antibes\/semainedeslangues\/wp-content\/uploads\/sites\/32\/2022\/03\/klimt.jpg 417w\" sizes=\"auto, (max-width: 310px) 100vw, 310px\" \/><\/p>\n<p class=\"western\" align=\"left\"><span style=\"font-family: Arial, serif;\"><span style=\"font-size: small;\"><span lang=\"fr-FR\"><b>Gustav Klimt<\/b><\/span> <span lang=\"fr-FR\"><u>Le baiser<\/u><\/span><span lang=\"fr-FR\"> 1907<\/span><\/span><\/span><\/p>\n<\/td>\n<td width=\"421\">\n<p align=\"left\"><img loading=\"lazy\" decoding=\"async\" class=\"alignnone wp-image-180\" src=\"https:\/\/ecole.ac-nice.fr\/antibes\/semainedeslangues\/wp-content\/uploads\/sites\/32\/2022\/03\/bruegel-300x216.png\" alt=\"\" width=\"421\" height=\"303\" srcset=\"https:\/\/ecole.ac-nice.fr\/antibes\/semainedeslangues\/wp-content\/uploads\/sites\/32\/2022\/03\/bruegel-300x216.png 300w, https:\/\/ecole.ac-nice.fr\/antibes\/semainedeslangues\/wp-content\/uploads\/sites\/32\/2022\/03\/bruegel-768x553.png 768w, https:\/\/ecole.ac-nice.fr\/antibes\/semainedeslangues\/wp-content\/uploads\/sites\/32\/2022\/03\/bruegel.png 781w\" sizes=\"auto, (max-width: 421px) 100vw, 421px\" \/><\/p>\n<p class=\"western\" align=\"left\"><span style=\"font-family: Arial, serif;\"><span style=\"font-size: small;\"><span lang=\"fr-FR\"><b>Pieter Bruegel<\/b><\/span> <span lang=\"fr-FR\"><u>Le Combat entre carnaval et car\u00eame<\/u><\/span><span lang=\"fr-FR\">, 1559<\/span><\/span><\/span><\/p>\n<\/td>\n<\/tr>\n<\/tbody>\n<\/table>\n<p style=\"text-align: center;\"><a href=\"https:\/\/ecole.ac-nice.fr\/antibes\/semainedeslangues\/wp-content\/uploads\/sites\/32\/2022\/03\/C3D4.pdf\">T\u00e9l\u00e9charger cette page C3D4<\/a><\/p>\n<p class=\"western\" align=\"left\">\n","protected":false},"excerpt":{"rendered":"<p>Anglais Cycle 3 Day 4, April 8th &nbsp; D\u00e9marche et entrainement identiques avec le jour 3 pour les 3 oeuvres propos\u00e9es ci-dessous Picasso Le vieux guitariste aveugle 1903 Leonardo Da Vinci, Mona Lisa, 1503 Turner, Bell Rock lighthouse, 1824 Production finale Parmi les deux oeuvres d\u2019art propos\u00e9es, en choisir une \u00e0 presenter pour le concours &hellip; <a href=\"https:\/\/ecole.ac-nice.fr\/antibes\/semainedeslangues\/accueil\/anglais-cycle-3\/anglais-cycle-3-day-4-april-8th\/\" class=\"more-link\">Continuer la lecture de <span class=\"screen-reader-text\">Anglais C3 Day4, April 8th<\/span> <span class=\"meta-nav\">&rarr;<\/span><\/a><\/p>\n","protected":false},"author":26,"featured_media":0,"parent":140,"menu_order":0,"comment_status":"closed","ping_status":"closed","template":"","meta":{"footnotes":""},"class_list":["post-172","page","type-page","status-publish","hentry"],"_links":{"self":[{"href":"https:\/\/ecole.ac-nice.fr\/antibes\/semainedeslangues\/wp-json\/wp\/v2\/pages\/172","targetHints":{"allow":["GET"]}}],"collection":[{"href":"https:\/\/ecole.ac-nice.fr\/antibes\/semainedeslangues\/wp-json\/wp\/v2\/pages"}],"about":[{"href":"https:\/\/ecole.ac-nice.fr\/antibes\/semainedeslangues\/wp-json\/wp\/v2\/types\/page"}],"author":[{"embeddable":true,"href":"https:\/\/ecole.ac-nice.fr\/antibes\/semainedeslangues\/wp-json\/wp\/v2\/users\/26"}],"replies":[{"embeddable":true,"href":"https:\/\/ecole.ac-nice.fr\/antibes\/semainedeslangues\/wp-json\/wp\/v2\/comments?post=172"}],"version-history":[{"count":9,"href":"https:\/\/ecole.ac-nice.fr\/antibes\/semainedeslangues\/wp-json\/wp\/v2\/pages\/172\/revisions"}],"predecessor-version":[{"id":221,"href":"https:\/\/ecole.ac-nice.fr\/antibes\/semainedeslangues\/wp-json\/wp\/v2\/pages\/172\/revisions\/221"}],"up":[{"embeddable":true,"href":"https:\/\/ecole.ac-nice.fr\/antibes\/semainedeslangues\/wp-json\/wp\/v2\/pages\/140"}],"wp:attachment":[{"href":"https:\/\/ecole.ac-nice.fr\/antibes\/semainedeslangues\/wp-json\/wp\/v2\/media?parent=172"}],"curies":[{"name":"wp","href":"https:\/\/api.w.org\/{rel}","templated":true}]}}

<h2 style="text-align: center;"><span style="color: #0000ff;">Anglais Cycle 3</span></h2>
<h2 style="text-align: center;"><span style="color: #0000ff;">Day 4, April 8th</span></h2>
<p>&nbsp;</p>
<p><span style="font-family: Times New Roman, serif;"><span style="font-size: medium;"><span style="font-family: Arial, serif;"><span style="font-size: small;"><span lang="en-US">Démarche et entrainement identiques avec le jour 3 pour les 3 oeuvres proposées ci-dessous</span></span></span></span></span></p>
<table width="642" cellspacing="0" cellpadding="7">
<tbody>
<tr valign="top">
<td width="326">
<p align="left"><img loading="lazy" decoding="async" class="alignnone wp-image-181" src="https://ecole.ac-nice.fr/antibes/semainedeslangues/wp-content/uploads/sites/32/2022/03/picasso-guitariste-227x300.jpg" alt="" width="381" height="504" srcset="https://ecole.ac-nice.fr/antibes/semainedeslangues/wp-content/uploads/sites/32/2022/03/picasso-guitariste-227x300.jpg 227w, https://ecole.ac-nice.fr/antibes/semainedeslangues/wp-content/uploads/sites/32/2022/03/picasso-guitariste.jpg 269w" sizes="auto, (max-width: 381px) 100vw, 381px" /></p>
<p class="western" lang="en-US" align="left"><span style="font-family: Arial, serif;"><span style="font-size: small;"><b>Picasso</b> <u>Le vieux guitariste aveugle</u> 1903</span></span></p>
</td>
<td width="288">
<p class="western" align="left"><img loading="lazy" decoding="async" class="alignnone wp-image-179" src="https://ecole.ac-nice.fr/antibes/semainedeslangues/wp-content/uploads/sites/32/2022/03/joconde-202x300.jpg" alt="" width="313" height="465" srcset="https://ecole.ac-nice.fr/antibes/semainedeslangues/wp-content/uploads/sites/32/2022/03/joconde-202x300.jpg 202w, https://ecole.ac-nice.fr/antibes/semainedeslangues/wp-content/uploads/sites/32/2022/03/joconde.jpg 260w" sizes="auto, (max-width: 313px) 100vw, 313px" /></p>
<p class="western" align="left"><span style="font-family: Arial, serif;"><span style="font-size: small;"><span lang="fr-FR"><b>Leonardo Da Vinci,</b></span></span></span> <span style="font-family: Arial, serif;"><span style="font-size: small;"><span lang="fr-FR"><u>Mona Lisa</u></span></span></span><span style="font-family: Arial, serif;"><span style="font-size: small;"><span lang="fr-FR">, 1503</span></span></span></p>
</td>
</tr>
<tr>
<td colspan="2" valign="top" width="628">
<p align="left"><img loading="lazy" decoding="async" class="alignnone wp-image-183" src="https://ecole.ac-nice.fr/antibes/semainedeslangues/wp-content/uploads/sites/32/2022/03/turner-lighthouse.jpg" alt="" width="611" height="430" /></p>
<p class="western" align="left"><span style="font-family: Arial, serif;"><span style="color: #000000;"><span style="font-size: small;"><span lang="fr-FR"><b>Turner</b></span></span></span><span style="color: #000000;"><span style="font-size: small;"><span lang="fr-FR">, </span></span></span><span style="color: #000000;"><span style="font-size: small;"><span lang="fr-FR"><u>Bell Rock lighthouse</u></span></span></span><span style="color: #000000;"><span style="font-size: small;"><span lang="fr-FR">, 1824</span></span></span></span></p>
<p align="left">
</td>
</tr>
</tbody>
</table>
<p><a name="_GoBack"></a> <span style="font-family: Times New Roman, serif;"><span style="font-size: medium;"><span style="color: #4f81bd;"><span style="font-family: Arial, serif;"><span lang="en-US"><b>Production finale</b></span></span></span></span></span></p>
<p><span style="font-family: Times New Roman, serif;"><span style="font-size: medium;"><span style="font-family: Arial, serif;"><span style="font-size: small;"><span lang="en-US">Parmi les deux oeuvres d’art proposées, en choisir une à presenter pour le concours départemental</span></span></span></span></span></p>
<table width="747" cellspacing="0" cellpadding="7">
<tbody>
<tr valign="top">
<td width="298">
<p align="left"><img loading="lazy" decoding="async" class="alignnone wp-image-182" src="https://ecole.ac-nice.fr/antibes/semainedeslangues/wp-content/uploads/sites/32/2022/03/klimt-197x300.jpg" alt="" width="310" height="472" srcset="https://ecole.ac-nice.fr/antibes/semainedeslangues/wp-content/uploads/sites/32/2022/03/klimt-197x300.jpg 197w, https://ecole.ac-nice.fr/antibes/semainedeslangues/wp-content/uploads/sites/32/2022/03/klimt.jpg 417w" sizes="auto, (max-width: 310px) 100vw, 310px" /></p>
<p class="western" align="left"><span style="font-family: Arial, serif;"><span style="font-size: small;"><span lang="fr-FR"><b>Gustav Klimt</b></span> <span lang="fr-FR"><u>Le baiser</u></span><span lang="fr-FR"> 1907</span></span></span></p>
</td>
<td width="421">
<p align="left"><img loading="lazy" decoding="async" class="alignnone wp-image-180" src="https://ecole.ac-nice.fr/antibes/semainedeslangues/wp-content/uploads/sites/32/2022/03/bruegel-300x216.png" alt="" width="421" height="303" srcset="https://ecole.ac-nice.fr/antibes/semainedeslangues/wp-content/uploads/sites/32/2022/03/bruegel-300x216.png 300w, https://ecole.ac-nice.fr/antibes/semainedeslangues/wp-content/uploads/sites/32/2022/03/bruegel-768x553.png 768w, https://ecole.ac-nice.fr/antibes/semainedeslangues/wp-content/uploads/sites/32/2022/03/bruegel.png 781w" sizes="auto, (max-width: 421px) 100vw, 421px" /></p>
<p class="western" align="left"><span style="font-family: Arial, serif;"><span style="font-size: small;"><span lang="fr-FR"><b>Pieter Bruegel</b></span> <span lang="fr-FR"><u>Le Combat entre carnaval et carême</u></span><span lang="fr-FR">, 1559</span></span></span></p>
</td>
</tr>
</tbody>
</table>
<p style="text-align: center;"><a href="https://ecole.ac-nice.fr/antibes/semainedeslangues/wp-content/uploads/sites/32/2022/03/C3D4.pdf">Télécharger cette page C3D4</a></p>
<p class="western" align="left">

<p>Anglais Cycle 3 Day 4, April 8th &nbsp; Démarche et entrainement identiques avec le jour 3 pour les 3 oeuvres proposées ci-dessous Picasso Le vieux guitariste aveugle 1903 Leonardo Da Vinci, Mona Lisa, 1503 Turner, Bell Rock lighthouse, 1824 Production finale Parmi les deux oeuvres d’art proposées, en choisir une à presenter pour le concours &hellip; <a href="https://ecole.ac-nice.fr/antibes/semainedeslangues/accueil/anglais-cycle-3/anglais-cycle-3-day-4-april-8th/" class="more-link">Continuer la lecture de <span class="screen-reader-text">Anglais C3 Day4, April 8th</span> <span class="meta-nav">&rarr;</span></a></p>
