{"id":261,"date":"2018-01-02T22:37:10","date_gmt":"2018-01-02T21:37:10","guid":{"rendered":"http:\/\/ecole.ac-nice.fr\/antibes\/moulinneufbiot\/?page_id=261"},"modified":"2018-01-02T22:37:10","modified_gmt":"2018-01-02T21:37:10","slug":"administratif","status":"publish","type":"page","link":"https:\/\/ecole.ac-nice.fr\/antibes\/moulinneufbiot\/?page_id=261","title":{"rendered":"Administratif"},"content":{"rendered":"<h5>Modalit\u00e9s d&rsquo;admission:<\/h5>\n<p>Pour inscrire votre enfant dans notre \u00e9cole, vous devez effectuer les d\u00e9marches d&rsquo;admission aupr\u00e8s du service scolarit\u00e9 de la mairie de Biot, le <a href=\"https:\/\/biot-gupii.espace-famille.net\/biot-gupii\/affichage_infos_pratiques.do\" target=\"_blank\" rel=\"noopener\">GUPII<\/a>. Ensuite seulement, contactez l&rsquo;\u00e9cole.<\/p>\n<p>Livret d&rsquo;accueil \u00e0 l&rsquo;\u00e9cole \u00e9l\u00e9mentaire: <a href=\"https:\/\/ecole.ac-nice.fr\/antibes\/moulinneufbiot\/wp-content\/uploads\/sites\/20\/2018\/01\/livret-daccueil-site.pdf\" target=\"_blank\" rel=\"noopener\">cliquez ici<\/a><\/p>\n<h5>R\u00e8glements:<\/h5>\n<p>Toute famille inscrivant son enfant \u00e0 l&rsquo;\u00e9cole s&rsquo;engage \u00e0 respecter et \u00e0 faire respecter le r\u00e8glement de l&rsquo;\u00e9cole, ainsi que la charte de la\u00efcit\u00e9 qui r\u00e9git toutes les \u00e9coles de France.<a href=\"https:\/\/ecole.ac-nice.fr\/antibes\/moulinneufbiot\/wp-content\/uploads\/sites\/20\/2018\/01\/r\u00e8glement-\u00e9cole.pdf\" target=\"_blank\" rel=\"noopener\">\u00a0r\u00e8glement \u00e9cole\u00a0\u00a0<\/a><a href=\"https:\/\/ecole.ac-nice.fr\/antibes\/moulinneufbiot\/wp-content\/uploads\/sites\/20\/2018\/01\/CHARTE_LAICITE.pdf\">CHARTE_LAICITE<\/a><\/p>\n<p>&nbsp;<\/p>\n","protected":false},"excerpt":{"rendered":"<p>Modalit\u00e9s d&rsquo;admission: Pour inscrire votre enfant dans notre \u00e9cole, vous devez effectuer les d\u00e9marches d&rsquo;admission aupr\u00e8s du service scolarit\u00e9 de la mairie de Biot, le GUPII. Ensuite seulement, contactez l&rsquo;\u00e9cole. Livret d&rsquo;accueil \u00e0 l&rsquo;\u00e9cole \u00e9l\u00e9mentaire: cliquez ici R\u00e8glements: Toute famille inscrivant son enfant \u00e0 l&rsquo;\u00e9cole s&rsquo;engage \u00e0 respecter et \u00e0 faire respecter le r\u00e8glement de &hellip; <a href=\"https:\/\/ecole.ac-nice.fr\/antibes\/moulinneufbiot\/?page_id=261\" class=\"more-link\">Continuer la lecture de <span class=\"screen-reader-text\">Administratif<\/span> <span class=\"meta-nav\">&rarr;<\/span><\/a><\/p>\n","protected":false},"author":25,"featured_media":0,"parent":0,"menu_order":0,"comment_status":"closed","ping_status":"closed","template":"","meta":{"footnotes":""},"class_list":["post-261","page","type-page","status-publish","hentry"],"_links":{"self":[{"href":"https:\/\/ecole.ac-nice.fr\/antibes\/moulinneufbiot\/index.php?rest_route=\/wp\/v2\/pages\/261","targetHints":{"allow":["GET"]}}],"collection":[{"href":"https:\/\/ecole.ac-nice.fr\/antibes\/moulinneufbiot\/index.php?rest_route=\/wp\/v2\/pages"}],"about":[{"href":"https:\/\/ecole.ac-nice.fr\/antibes\/moulinneufbiot\/index.php?rest_route=\/wp\/v2\/types\/page"}],"author":[{"embeddable":true,"href":"https:\/\/ecole.ac-nice.fr\/antibes\/moulinneufbiot\/index.php?rest_route=\/wp\/v2\/users\/25"}],"replies":[{"embeddable":true,"href":"https:\/\/ecole.ac-nice.fr\/antibes\/moulinneufbiot\/index.php?rest_route=%2Fwp%2Fv2%2Fcomments&post=261"}],"version-history":[{"count":2,"href":"https:\/\/ecole.ac-nice.fr\/antibes\/moulinneufbiot\/index.php?rest_route=\/wp\/v2\/pages\/261\/revisions"}],"predecessor-version":[{"id":268,"href":"https:\/\/ecole.ac-nice.fr\/antibes\/moulinneufbiot\/index.php?rest_route=\/wp\/v2\/pages\/261\/revisions\/268"}],"wp:attachment":[{"href":"https:\/\/ecole.ac-nice.fr\/antibes\/moulinneufbiot\/index.php?rest_route=%2Fwp%2Fv2%2Fmedia&parent=261"}],"curies":[{"name":"wp","href":"https:\/\/api.w.org\/{rel}","templated":true}]}}